235 a factor of 333926770?
False
Does 1055 divide 1368266337?
False
Is 30 a factor of 2430151770?
True
Is 2929 a factor of 64848060?
True
Is 85787947 a multiple of 520?
False
Does 502 divide 131086758?
True
Is 15807590 a multiple of 203?
False
Is 4384578 a multiple of 186?
True
Does 204 divide 93354361?
False
Does 748 divide 69154844?
True
Is 71241146 a multiple of 10?
False
Is 85 a factor of 125619460?
True
Is 488862269 a multiple of 20?
False
Is 451348496 a multiple of 2546?
False
Does 62 divide 224684235?
False
Does 960 divide 558522240?
True
Does 10 divide 65807970?
True
Is 86026506 a multiple of 398?
True
Does 33 divide 646696519?
False
Is 897 a factor of 1312843818?
True
Is 106287109 a multiple of 109?
False
Is 124456724 a multiple of 28?
True
Is 1386455720 a multiple of 13?
True
Does 354 divide 6410586?
True
Is 952 a factor of 385960792?
True
Does 885 divide 61964320?
False
Is 1519 a factor of 5809141857?
False
Does 1301 divide 3653548516?
False
Does 490 divide 731721900?
True
Does 554 divide 101284496?
True
Is 105 a factor of 277810739?
False
Does 11 divide 921415?
True
Is 2859963 a multiple of 3?
True
Does 27 divide 629004960?
True
Is 291161537 a multiple of 198?
False
Is 6851 a factor of 41085258?
False
Is 126443170 a multiple of 35?
True
Does 1036 divide 1127558959?
False
Does 94 divide 972558099?
False
Is 1568754441 a multiple of 17?
True
Is 100244780 a multiple of 47?
False
Is 36821250 a multiple of 6?
True
Is 12 a factor of 125137896?
True
Is 34407300 a multiple of 12?
True
Does 63 divide 902218338?
True
Is 27 a factor of 125344719?
True
Is 291758215 a multiple of 1205?
True
Does 1072 divide 25742998?
False
Is 20 a factor of 52163820?
True
Is 18 a factor of 2249478?
True
Does 585 divide 109748340?
True
Is 428758 a multiple of 18?
False
Is 23582238 a multiple of 126?
False
Does 62 divide 45504726?
False
Does 340 divide 17361445?
False
Does 7 divide 46794818?
True
Is 7695815818 a multiple of 5589?
False
Is 24062476 a multiple of 10?
False
Is 93 a factor of 198218618?
False
Does 753 divide 195834994?
False
Is 110 a factor of 119956384?
False
Does 1644 divide 78946217?
False
Does 5 divide 12037385?
True
Is 21577978 a multiple of 797?
True
Does 24 divide 1787477263?
False
Does 2 divide 612925?
False
Is 21661407 a multiple of 16?
False
Does 171 divide 8302176?
False
Does 9 divide 6160050?
True
Does 364 divide 4812623?
False
Does 878 divide 369929658?
False
Is 103179734 a multiple of 790?
False
Is 48109330 a multiple of 10?
True
Is 78893710 a multiple of 7?
True
Is 102967425 a multiple of 275?
True
Is 3002068 a multiple of 1877?
False
Is 30799476 a multiple of 327?
True
Is 94880275 a multiple of 1171?
True
Is 72 a factor of 207806040?
True
Is 45 a factor of 79022206?
False
Does 282 divide 447805?
False
Does 166 divide 5503317189?
False
Is 166853449 a multiple of 2194?
False
Is 530282772 a multiple of 6?
True
Is 1000329563 a multiple of 19?
False
Is 4650329707 a multiple of 971?
True
Is 14 a factor of 44560026?
True
Is 7 a factor of 812133650?
False
Is 24215135 a multiple of 35?
True
Does 206 divide 734749470?
True
Is 5141186 a multiple of 166?
True
Is 49 a factor of 52045301?
True
Does 1795 divide 2031809694?
False
Is 196 a factor of 1610609331?
False
Does 366 divide 980422390?
False
Is 858 a factor of 10229076?
True
Does 3 divide 3177802?
False
Does 34 divide 287280484?
True
Does 17 divide 49708663?
True
Is 2065 a factor of 1179161?
False
Does 480 divide 30415252?
False
Is 36 a factor of 5660436996?
True
Does 665 divide 47699120?
True
Is 1719 a factor of 428859?
False
Is 167 a factor of 5089993?
True
Is 604400808 a multiple of 8?
True
Is 367454268 a multiple of 12?
True
Does 28 divide 20301323?
False
Is 8 a factor of 32418032?
True
Is 17375974 a multiple of 268?
False
Is 3571950116 a multiple of 724?
False
Is 147556351 a multiple of 37?
False
Does 11 divide 35566255?
False
Does 99 divide 244688301?
True
Is 388650441 a multiple of 145?
False
Is 1579 a factor of 4441727?
True
Does 121 divide 211309439?
True
Does 121 divide 1074670?
False
Is 1603520 a multiple of 16?
True
Does 146 divide 38199586?
True
Is 107 a factor of 54358848?
False
Is 13 a factor of 102424075?
True
Is 58 a factor of 313050302?
True
Is 124 a factor of 15716357?
False
Is 72436832 a multiple of 31?
True
Is 412 a factor of 563935300?
True
Is 399 a factor of 1294235103?
True
Is 155 a factor of 818919681?
False
Does 122 divide 8828896?
True
Is 47 a factor of 184661436?
False
Is 63777222 a multiple of 801?
True
Is 14 a factor of 6049162?
True
Is 263 a factor of 57584376?
True
Does 7088 divide 7345617172?
False
Does 117 divide 1344650580?
True
Is 252 a factor of 95554063?
False
Is 19 a factor of 13489197?
False
Is 1335925664 a multiple of 458?
False
Is 25 a factor of 68414928?
False
Is 40988861 a multiple of 13?
False
Is 26 a factor of 129386362?
False
Is 858983007 a multiple of 43?
True
Does 81 divide 2417086668?
False
Is 398 a factor of 20037708?
True
Is 2506 a factor of 44546656?
True
Is 1921 a factor of 1119943?
True
Is 35890443 a multiple of 2?
False
Does 3 divide 13336965?
True
Does 18 divide 14947995?
False
Is 5729550044 a multiple of 149?
True
Is 91 a factor of 924903486?
False
Is 22879706 a multiple of 38?
False
Is 3 a factor of 262842?
True
Is 2700 a factor of 928683900?
True
Does 810 divide 86174280?
True
Does 1769 divide 97539576?
False
Is 562 a factor of 33340650?
True
Does 14 divide 51288750?
False
Is 377844119 a multiple of 42?
False
Is 65687337 a multiple of 9?
True
Does 749 divide 29593739?
True
Is 233182153 a multiple of 1087?
True
Is 1286 a factor of 19939430?
True
Is 2476830402 a multiple of 18?
True
Does 39 divide 1321424436?
False
Is 1919845992 a multiple of 123?
True
Does 8 divide 281449395?
False
Does 8 divide 357372250?
False
Is 326870623 a multiple of 33?
False
Does 14 divide 6715450?
True
Does 5 divide 956534965?
True
Is 112421072 a multiple of 198?
False
Is 35 a factor of 2180045?
True
Is 166945626 a multiple of 1849?
False
Is 22 a factor of 100561560?
True
Is 1530477360 a multiple of 44?
False
Is 148368700 a multiple of 561?
False
Is 408 a factor of 595149600?
True
Does 1682 divide 57568132?
True
Is 69 a factor of 6032849?
False
Does 4617 divide 58391199?
True
Is 2448 a factor of 24759272?
False
Is 11261930 a multiple of 124?
False
Does 355 divide 64598995?
True
Does 71 divide 100648038?
True
Is 2244 a factor of 309752784?
True
Is 280 a factor of 21315135?
False
Is 148 a factor of 78050147?
False
Is 6219720 a multiple of 65?
True
Is 236 a factor of 1325555111?
False
Does 1412 divide 549875223?
False
Does 272 divide 20880993?
False
Is 7 a factor of 2206853?
False
Is 164085184 a multiple of 32?
True
Is 350031270 a multiple of 937?
False
Is 140493372 a multiple of 114?
True
Is 703 a factor of 46880258?
True
Is 4732072 a multiple of 8?
True
Does 3118 divide 2345372072?
True
Is 295 a factor of 129440697?
False
Is 7 a factor of 488306651?
True
Is 601716775 a multiple of 3?
False
Does 9 divide 10006315?
False
Does 109 divide 774875302?
False
Is 701682592 a multiple of 26?
True
Is 16770713 a multiple of 1404?
False
Does 253 divide 114394618?
False
Is 65531025 a multiple of 1449?
True
Does 310 divide 186478394?
False
Does 7 divide 83436683?
False
Is 130 a factor of 843431030?
True
Does 10 divide 48486108?
False
Is 943833967 a multiple of 365?
False
Does 66 divide 40753987?
False
Does 284 divide 56062736?
True
Is 2455 a factor of 130494525?
False
Is 40470675 a multiple of 21?
True
Is 397269720 a multiple of 348?
False
Does 5 divide 28772250?
True
Does 1352 divide 6764052?
False
Does 2565 divide 263652055?
False
Is 21 a factor of 650684772?
False
Does 11 divide 135026770?
False
Does 8 divide 26595145?
False
Does 1569 divide 205105783?
False
Does 3922 divide 528007094?
True
Is 3247 a factor of 1771680901?
False
Does 7 divide 1216774407?
False
Does 80 divide 36357120?
True
Does 30 divide 1912247535?
False
Is 354 a factor of 7406742?
True
Is 3103 a factor of 1878991287?
False
Does 29 divide 53108586?
False
Is 794 a factor of 1836961532?
False
Is 204 a factor of 375813084?
True
Does 622 divide 86953112?
True
Is 13355342 a multiple of 1001?
True
Is 29 a factor of 88123779?
True
Is 2714 a factor of 55085961?
False
Does 13 divide 98687992?
True
Is 12 a factor